 + 1 = 5. Let z(a) = 4*a - 1. Give z(n).
-5
Let c(l) be the second derivative of -l**4/12 - l**3/2 - l**2/2 - 6*l. Suppose -2*n = -6*n - 2*v - 12, -4*n + 2 = -5*v. Give c(n).
1
Let o = 9 + -6. Suppose -2*w + 3*t - o = 6, w - 2*t = -6. Let n(q) = q**3 + q**2 - q + 3. What is n(w)?
3
Let r(h) = 9*h**2 - h. Let c = -12 + 14. Suppose c + 2 = 4*q. Give r(q).
8
Suppose 59 - 65 = -3*a. Let t(m) = -m**2 + m + 1. Determine t(a).
-1
Let l(v) = -v**3 - 5*v**2 - 3*v - 2. Let s = 111 - 115. What is l(s)?
-6
Let j(p) be the first derivative of p**3/3 - 5*p**2/2 - 2*p - 3. Let s(n) = n**2 - 4. Let q be s(4). Suppose q = 2*x - 0*c - c, 7 = x - c. Calculate j(x).
-2
Let s(g) be the first derivative of -g**5/20 - g**4/12 - g**3/6 + g**2 - 7*g - 1. Let v(r) be the first derivative of s(r). Calculate v(-2).
8
Let n(c) be the first derivative of 1/6*c**3 + c**2 + 1/60*c**5 - 1/12*c**4 - 1/30*c**6 + 0*c + 2. Let r(p) be the second derivative of n(p). What is r(1)?
-4
Let l(p) = 1 + 2*p + 7 + 0*p. Suppose k - 3 = f, 0 = -k - 0*k + 3*f + 5. Suppose -k*j - 12 = -n - 1, -3*j + 2*n - 16 = 0. Calculate l(j).
-4
Suppose -9 = -2*f - f. Suppose -9 = -2*z + f. Let b = z - 6. Let u(s) = -s**2 - 4. What is u(b)?
-4
Let m(v) = -2*v + 4*v + 1 - 3*v + v**2 + 1. Determine m(4).
14
Let m = 2 - 0. Let q(u) be the first derivative of 1/2*u**m - 2 + 0*u. Give q(5).
5
Let y = 6 - 1. Suppose -2*o + 30 = 3*p + p, -2*o = -p - y. Suppose 2*s - o = -3. Let m(z) = 5*z**3 - 2*z**2 + 2*z - 1. Determine m(s).
4
Let u(v) = 0*v + 9 - 12*v**2 - 8 + 0 + 2*v. Calculate u(-1).
-13
Suppose -5*h = 4*o + 16, 2*h + 3*o + 12 = -2*h. Let n = 7 - 10. Let d = n + h. Let b(s) = s**3 + 3*s**2 + s. What is b(d)?
-3
Let w = -88 + 93. Let n(i) = -3*i + 5. Calculate n(w).
-10
Let f(d) be the second derivative of d**8/1680 - d**7/2520 + d**6/720 - d**4/6 + 3*d. Let c(p) be the third derivative of f(p). Calculate c(1).
4
Let x be 8/6*66/44. Let i(z) = -z**2 - 3*z + 3. Let t(q) = 3*q - 2. Let r(j) = 2*i(j) + 3*t(j). Determine r(x).
-2
Let v(s) = s - 19. Let u be v(9). Let p(l) = l**2 + 11*l + 5. Determine p(u).
-5
Let f(o) = -3*o - 1. Suppose -4*w + 29 = s + 9, -4*w - 4*s = -32. Give f(w).
-13
Suppose -3*z - 3 = -b, 4*b - 2*z + 5*z = 27. Let s be b/(-4)*(-12)/(-9). Let o(d) = 4*d + 3. Calculate o(s).
-5
Let q(z) = 6*z + 7*z - z**3 + z - 5 - 5*z**2 - 7*z. Determine q(-6).
-11
Let s(h) = -278 - 269 + 546 + 13*h. Determine s(-1).
-14
Let c(r) = 2*r**2 - 19*r + 4. Let b(z) = 3*z**2 - 28*z + 6. Let f(m) = -5*b(m) + 7*c(m). What is f(6)?
4
Let b(s) be the first derivative of -s**4/4 + 11*s**3/3 - 5*s**2 + 6*s - 25. Calculate b(10).
6
Let j(s) = 10*s**2 - 4*s**2 - 1 + 2*s**2 + 0. Determine j(-1).
7
Let h(w) = -3*w**2 - 4*w. Let v(a) = -4*a**2 - 5*a. Let l be ((-3)/(-2))/(4/(-16)). Let c(m) = l*v(m) + 7*h(m). Determine c(-2).
8
Let o(h) be the second derivative of 11*h**3/6 - 3*h**2 + h. Let j(z) = -12*z + 7. Let u(r) = -6*j(r) - 7*o(r). Let f = 477 + -476. What is u(f)?
-5
Let w be (-40)/(-18) + 2/(-9). Let c = -1 - w. Let h(n) be the second derivative of -n**4/12 - n**3 - 2*n**2 + 2*n. What is h(c)?
5
Let h(q) = q + 15. Let v(l) = l + 1. Let p(d) = -h(d) + 2*v(d). Give p(12).
-1
Let l be (20/30)/(2 - (-40)/(-18)). Let z(o) = o**2 + 3*o - 2. Give z(l).
-2
Let f(g) = -2*g**3 + 12*g**2 - 15*g - 13. Let y(c) = c**3 - 6*c**2 + 7*c + 6. Let q(i) = -4*f(i) - 9*y(i). Let r = -6 - -11. What is q(r)?
8
Suppose -2*w + 5 - 1 = 0. Let f(j) = j + 1 + 3 + j**w + 3*j. Let m(n) = -2*n + 23. Let q be m(13). What is f(q)?
1
Let w(j) = j**2 + 8*j - 8. Let c(r) = -r**2 - r + 1. Let g(y) = -2*c(y) - w(y). Give g(4).
-2
Let t(g) = 5 + 2*g - 3 + g**2 + 2*g. Let m(b) = -b - 4. Let d be m(0). Calculate t(d).
2
Let u(b) = -2*b**3 - 4*b**2 - 4*b - 3. Let a(f) = f - 13. Let p be a(9). Suppose 5*c = 3*c + 4. Let m = p + c. Calculate u(m).
5
Let y(n) = 3*n - 3. Let d be 3 + (2 - (-2)/(-1)). Let q be (1/d)/(1/6). Give y(q).
3
Let d(i) = 3 + 2*i - 9 - 3 - 3*i. Give d(-5).
-4
Let s(b) be the third derivative of -b**7/1260 + b**6/120 - b**5/60 + b**4/24 + 2*b**2. Let p(r) be the second derivative of s(r). Give p(4).
-10
Suppose -5*r = -4*v - 21, r - 4*v - 22 = -5. Let q(l) = -3 + 8 - 4 - 8*l. Determine q(r).
-7
Let b be (-32)/(-14) - 2/7. Let o(d) = -d**2 + 0 + 6 - b - 5*d + 2. Give o(-5).
6
Let n(r) = r**2 + 6*r - 3. Let v be n(-5). Let d = v + 12. Let f(x) = -x**2 + 6*x - 4. What is f(d)?
4
Let b be (2 - (-3)/(-6))*2. Let j(p) = p + 2. Determine j(b).
5
Let y(q) = -7*q + 2. Let u(k) = 6*k - 2. Let m(g) = 3*u(g) + 2*y(g). Determine m(2).
6
Let o = -22 + 33. Suppose 6*f - 23 = -2*v + f, -5*v + 3*f = -o. Let w(n) = 0*n + 0*n + n. Calculate w(v).
4
Let d(t) = 0 + 7 + t**2 + 5*t - 2*t**2. Let b(c) be the third derivative of c**5/20 - 7*c**4/12 - 10*c**3/3 - c**2. Let y(q) = -6*b(q) - 17*d(q). What is y(-2)?
-1
Let p(g) = -g**3 - 19*g**2 + 18*g - 28. Let h be p(-20). Let v(y) = y**2 - 11*y - 7. Give v(h).
5
Suppose -3*h = w + 15, 0 = -w + 4*w - 2*h + 1. Let j(n) = -6*n + 1. Give j(w).
19
Let o(z) be the second derivative of 0 - 7/2*z**2 - 1/6*z**3 + 2*z. Give o(-6).
-1
Suppose -4*i - 5*u = -23, 2*i + u - 13 = -3*i. Let a be 1*i - (8 - 3). Let n(j) = 3 - 2 + 3 - 2 + j. What is n(a)?
-1
Suppose -2*m - 4 = -3*m. Let w(n) = -4 - m*n**2 + 4*n**2 + 4*n - 6*n**2 - 1 + n**3. Let g be ((-15)/2)/(-3)*2. Determine w(g).
-10
Let b be (26/(-8))/((-3)/12)*-1. Let c(z) = -2*z**2 - 11*z - 10. Suppose w = -3*w - 24. Let h(o) = o**2 + 5*o + 5. Let j(v) = b*h(v) + w*c(v). Give j(0).
-5
Let q = -43 - -46. Let g(r) = -6 + 2*r - r - 1. Let j(p) = -p + 8. Let k(w) = -5*g(w) - 4*j(w). Calculate k(q).
0
Let n = 25 - -36. Let g(u) = -60*u**3 + n*u**3 + 0 - 2*u**2 + 1. Let f(p) = p + 1. Let i be f(1). Calculate g(i).
1
Suppose -i - 2*o - 4 = 4*i, -4 = -4*i + 2*o. Suppose i = -v - 3*v - 4. Let j(q) = 5*q**2 + q + 1. Determine j(v).
5
Let z(k) = k - 8. Suppose 2*x - 6 = 2. Determine z(x).
-4
Let n(o) = -3*o + 2. Let j(k) = 21*k - 12. Let s(w) = 32*w - 18. Let g(c) = 8*j(c) - 5*s(c). Let q(h) = 4*g(h) + 11*n(h). What is q(-4)?
2
Suppose -2*j = 95 - 99. Let x(z) = -z**3 + z. Give x(j).
-6
Let d(r) be the first derivative of r**4/4 + 3*r**3 + 9*r**2/2 + 8*r + 9. Give d(-8).
0
Let h = 0 + 1. Let o(d) = -5*d**2 + d - 1. Let g be o(h). Let t(u) = -2*u - 4. Give t(g).
6
Let x(q) = -q - 3. Suppose 0 = 3*k + 5*v - 19, k - 5*v + 20 + 7 = 0. What is x(k)?
-1
Let s be 9/(-45) + 29/(-5). Let m(x) = x**3 + 6*x**2 - x - 7. Calculate m(s).
-1
Let d(f) = -3*f - 4. Let t = -7 + 2. Let x(y) = -4*y - 4. Let o(g) = t*d(g) + 4*x(g). Give o(5).
-1
Let p = 43 + -127/3. Let f(j) be the first derivative of -2 - 4*j - 1/4*j**4 + p*j**3 + 3/2*j**2. Determine f(3).
-4
Let a = 898 - 895. Let y(d) = d + 1. Let c(n) = n - 5. Let w(v) = v - 4. Let o(k) = 5*c(k) - 6*w(k). Let q(g) = 6*o(g) + 7*y(g). Calculate q(a).
4
Let p be ((-39)/13)/((-6)/2). Let x(w) = 2*w**2 + w - 1. Calculate x(p).
2
Suppose 3*w + 2 = -2*v, 2*w = -2*v - 2 - 0. Let y(c) = c**2 - c + 1. Let h(i) = 5*i**2 - 6*i + 5. Let n(f) = h(f) - 6*y(f). What is n(w)?
-1
Let i be 1/((-2)/(-8)) + -1. Let x(l) be the first derivative of 2*l**2 - 2*l - 4. Calculate x(i).
10
Let z(t) be the second derivative of -t**5/20 + t**4/4 + t**3/3 - t**2 - 3*t. Suppose 0 = -3*k + m + 10, k + 3*m + 9 + 1 = 0. What is z(k)?
6
Let v(b) = b**3 + 4*b**2 + b + 5. Let i be (1 + 2)*(1 - 4). Let z(k) = -k - 13. Let f be z(i). Determine v(f).
1
Let i(c) = c**2 + c. Let p(m) = -3*m**2 - 2*m. Let y(k) = 5*i(k) + 3*p(k). Give y(-1).
-3
Suppose -5*n - 23 = -z, 8*n + 26 = 2*z + 3*n. Let b(w) = w**3 - 5*w**2 + 2*w - 1. Give b(z).
-13
Suppose 3*v = 3*s - 24, 2*s + 16 = -2*v + s. Let p(m) = -m**3 - 9*m**2 - 12*m - 7. Calculate p(v).
25
Let t(j) = -2*j. Let k = 22 - 18. Suppose -3*v - 1 + k = 0. Give t(v).
-2
Let u(a) = -a**2 - a - 1. Let j(d) = 5*d**2 - 4*d + 16. Let z(p) = -j(p) - 4*u(p). Let s(b) = 1. Let x(l) = -4*s(l) - z(l). Calculate x(6).
-4
Let x(h) be the first derivative of -2*h**2 + 65. Calculate x(-1).
4
Let r(z) = z**2 - 3*z + 3. Let m be r(3). Let o(w) = -w + 1. Let d(x) = 1. Let f(c) = m*d(c) - o(c). Calculate f(4).
6
Let c(k) = k**2 + 4*k - 7. Let t(a) = a**3 - 7*a**2 + 7*a - 9. Let v be t(6). Let m(h) = 2*h + 1. Let q be m(v). Calculate c(q).
-2
Let s = 9 + -6. Let p(w) = -3